28 = -4*s. Let m(l) = 3*l**2 - 9*l + 2. Let c(x) = -4*x**2 + 10*x - 3. Let k(i) = 4*c(i) + 5*m(i). Give k(s).
-8
Let c(u) = u**3 - 6*u**2 + 4*u. Let z be (24/(-6))/2 - -3. Suppose 0 = -5*f + 3*f - 4. Let s be -2*(f + 0) + z. Calculate c(s).
-5
Let d be 37*(-2 + 3) + -1. Suppose 0*a = 3*a + 3*y - 30, -4*a - 3*y = -d. Let r(g) = 5 + 0*g - 2*g - a. Calculate r(-6).
11
Suppose -2 = -r, -5*r + 2 + 2 = -3*b. Let y be -1*(-7)/((-1)/1). Let v(k) = -17*k + 13. Let n(j) = 6*j - 4. Let m(s) = y*n(s) - 2*v(s). What is m(b)?
-14
Let h(r) = -2*r + 7. Let m(a) = -a**2 + 5*a + 66. Let v be m(11). Calculate h(v).
7
Let g = 692 + -689. Let o(s) be the third derivative of -1/24*s**4 + 11*s**2 + 0*s**g + 0*s + 0. Determine o(-5).
5
Let k(o) = -5*o**2 + 2*o**2 - 5*o + 2*o**2 - 3. Let q = -66 - -63. Give k(q).
3
Suppose z + 0*z = -4. Let v(d) = d**3 + 4*d**2 + 4*d - 1. Give v(z).
-17
Let v(x) be the second derivative of -x**8/6720 + x**7/1260 + x**6/240 - x**5/60 + 2*x**4 + 16*x. Let j(m) be the third derivative of v(m). Determine j(3).
-2
Suppose 5*x + 20 = -5*y, x = -4*y + 6 - 10. Let a(v) = -v**3 + v + 4. Determine a(y).
4
Suppose -1 = -3*u + 2. Let j(p) be the third derivative of 2 - 1/20*p**5 + 1/6*p**3 + 0*p - 1/24*p**4 + 27*p**2. Calculate j(u).
-3
Let t = -42 + 138. Let v = 91 - t. Let z(r) = -r**3 - 7*r**2 - 5*r + 4. Give z(v).
-21
Let o(n) = -n**2 + 6*n + 10. Let w be o(7). Let i(y) = -y + 30 + w*y - 3*y - 34. What is i(-4)?
0
Suppose 0 = 3*q + 2 + 4, 0 = 3*h + q + 2. Let s(c) = -c**2 - c - 4. Let i be s(h). Let n(m) = -1 - m - 1 + 0. Give n(i).
2
Let n(g) = -g**3 - 31*g**2 - g - 39. Let t be n(-31). Let p(q) = -q**3 - 7*q**2 + 5*q + 1. Determine p(t).
25
Let p = 56 + -28. Let g be -12*(p/8 - 3). Let r(i) = i + 3. Calculate r(g).
-3
Let n = 10 - 27. Let r = -13 - n. Let h(w) = 2*w - 1 - r*w - w**2 + 8*w. What is h(6)?
-1
Let c(q) = -15*q**3 - 2*q**2 - 3*q + 3. Let p(h) = -5*h + 1 - 12*h**3 + 4 + 781*h**2 - 17*h**3 - 784*h**2. Let t(f) = -5*c(f) + 3*p(f). Give t(-1).
13
Let o = -120 - -104. Let q(t) = t**2 + 16*t - 5. Determine q(o).
-5
Let a(u) = -u - 8. Let c be a(-8). Let l(x) = c*x - 4*x**2 + 3*x**2 - 3*x + 4. What is l(-5)?
-6
Let p be (-69)/(-17) - (22 - (-2984)/(-136)). Let i(x) be the third derivative of -x**4/6 + 5*x**3/6 - x**2. Determine i(p).
-11
Let a = 19 + -26. Let m(j) = j**3 + 9*j**2 + 10*j - 2. Determine m(a).
26
Let b(g) = -g**2 + 0 - 8*g - 2 + 0 - 1. Let m be (-4)/(-28) + 850/(-119). Give b(m).
4
Let v(o) = -o**3 - 2*o**2 + 17*o + 1. Let l = 418 + -423. What is v(l)?
-9
Let p be (0 - -2) + 3 - 2. Let o(v) = 2*v - v + p*v - 2*v. Let f be (-14)/10 + 4/10. Determine o(f).
-2
Let a = -27 + 30. Let p(n) = -2*n**2 - 1 - 218*n**a + 219*n**3 + 4*n - 3. What is p(3)?
17
Let z(i) be the first derivative of -i**4/3 - i**3/3 + i**2/2 + 3*i + 2. Let f(c) be the first derivative of z(c). Let a be 2 + 1 + 1/2*-4. What is f(a)?
-5
Let f(n) be the third derivative of -n**5/60 - n**4/3 - 5*n**3/6 + 138*n**2. Give f(-7).
2
Let l(k) = -2*k - 12. Let a be (-4)/6 + 56/(-6). Let g(s) = 2*s + 12. Let m be g(a). Determine l(m).
4
Suppose 0 = -2*q - 3*a + 14, -2*q + 5*a + 34 = -12. Let r(t) = 3*t - 38. Calculate r(q).
1
Let y(t) = t**2 + 3*t + 1. Let f(w) = 3*w**2 + 86*w - 222. Let o be f(-31). What is y(o)?
11
Suppose -3*o + 5 = -4*w - 108, -o = 4*w - 43. Suppose -f - o = -36. Let s(r) = 2*r**2 + 4*r + 2. Determine s(f).
8
Let b = 95 + -96. Let v(w) = -13*w. What is v(b)?
13
Let x(c) be the first derivative of -5*c**2/2 + 11. What is x(2)?
-10
Let n(t) = 4 + 10161*t**2 - 5085*t**2 - t + t**3 - 5077*t**2 + 0*t**3. Let k(u) = u**2 + 6*u + 5. Let h be k(-5). Let i = 0 + h. Calculate n(i).
4
Let z(c) be the third derivative of -c**6/120 - c**5/3 - 19*c**4/24 - c**3/6 - 42*c**2. Calculate z(-19).
-1
Suppose 0 = -5*g + 2*g + 30. Suppose 0 = 6*n - n - g. Let p(j) = -7*j**2 - 3*j**n + 12*j**2 - 2*j - 1. What is p(2)?
3
Let b(u) = -6*u + 3. Let l(y) = y - 1. Let z(i) = -b(i) - 2*l(i). What is z(-2)?
-9
Let f(x) = 2*x**3 + 5*x**2 + 4*x + 16. Let i(a) = -a**3 - 2*a**2 - 3*a - 8. Let t(s) = 4*f(s) + 7*i(s). What is t(-7)?
-6
Let v = -2232 + 2223. Let r(k) = k**3 + 10*k**2 + 2*k + 8. Give r(v).
71
Suppose 13*q = 6*q - 63. Let i(b) = -b**3 - 10*b**2 - 7*b + 10. What is i(q)?
-8
Let s(i) = -i**2 + 1. Let t = -74 - -89. Let h = 12 - t. Give s(h).
-8
Let w(q) = 2*q**2 - 3*q**2 + 267*q + 269*q - 3 - 540*q. Determine w(-3).
0
Let f = -28 - -35. Let m be (0/(-4 + f))/(-2). Let y(s) = -s**2 - s + 12. What is y(m)?
12
Let u(l) = 4*l - 109. Let a be u(28). Let j(f) = f + 2*f**2 - 5*f + f. Determine j(a).
9
Let m be (64/36)/(-8) - 166/(-18). Suppose 20*g - 17*g + m = 0. Let x(l) = l + 1. Give x(g).
-2
Suppose -2*s - 41 = -j, 0*j - 3*s = -4*j + 149. Suppose 7*d = -7 + j. Let i(h) = 2*h + 2. Determine i(d).
10
Let m be 4/(-24)*(0 - (2 - 2)). Let k(a) be the third derivative of -a**5/60 - a**4/24 - 7*a**3/2 + a**2. Give k(m).
-21
Let y(i) be the second derivative of -i**3/6 - 5*i**2/2 - i + 3099. Let c be (1/(-2))/1*0. Give y(c).
-5
Let b = -61 - -66. Let q(y) = -5 + 4*y**2 - 2*y + 2 + 1 + b - y**3. Calculate q(3).
6
Let o(y) = -6*y**2 - 7*y + 2. Let b(u) = 4*u**2 + 6*u - 1. Let j(v) = 6*b(v) + 5*o(v). What is j(2)?
-18
Let h(i) = i**2 - 11*i. Let n(f) = -f**2 + 10*f. Let a(o) = 4*h(o) + 5*n(o). Give a(6).
0
Let h = -16 + 34. Let k = h + -16. Let s(u) = -4*u**2 - 9*u + 2 + 5*u**k + 6*u. What is s(2)?
0
Let g(d) = d + 5. Let o be g(-3). Let h(a) be the first derivative of -a**4/2 + 2*a**3/3 + a + 25. Calculate h(o).
-7
Let m(k) = -6*k + 59. Let x be m(11). Let j(d) = d**3 + 7*d**2 + 2*d - 10. What is j(x)?
-24
Let r(z) be the first derivative of -z**4/12 - z**3/6 + z**2/2 + 11*z - 12. Let d(v) be the first derivative of r(v). Give d(1).
-1
Suppose 0 = 3*k - 5*k + 6. Let s(i) = 0*i**2 + 43 - i**2 + k*i - 40. Determine s(-2).
-7
Let f be ((-9)/(-6))/((-3)/6). Let u(b) = b**2 - b. Let c(l) = -5*l**2 + 9*l - 3. Let y(x) = -c(x) - 6*u(x). What is y(f)?
3
Suppose l = 5*l + 4, 5*x - 144 = 4*l. Suppose -4*g + 8 = -4*f, g + x = 5*g + f. Let c(z) = 2 + 3*z**3 - 7*z**3 + 6*z + 3*z**3 + 5*z**2. Give c(g).
2
Let r(t) = 5*t**3 - 2*t**2 - 2*t + 1. Let i(o) = 4*o**3 - 2*o**2 - 3*o + 1. Let c = -25 + 21. Let b(w) = c*i(w) + 3*r(w). Determine b(4).
-9
Let j(z) = 11*z**2 - 18*z - 16. Let t(l) = 5*l**2 - 9*l - 7. Let k(d) = -4*j(d) + 9*t(d). What is k(7)?
-13
Let v(d) = d - 8. Let n = -12 - -15. Let c(w) = -9 - 11 + 5 + 2*w. Let i(k) = n*c(k) - 5*v(k). What is i(4)?
-1
Suppose 5*c - 111 + 39 = 3*r, 2*r = -3*c + 28. Suppose c = 8*o - 5*o. Let h(x) be the second derivative of -x**4/12 + 2*x**3/3 - 2*x**2 - 2*x. Give h(o).
-4
Let t be (-155)/9 - 4/(-18). Let j = t - -19. Let n(q) = 6*q**2 + 2*q - 2. Calculate n(j).
26
Suppose -7 = 5*x - 27. Let l(k) = -k**3 + 6*k**2 - 8*k + 4. Determine l(x).
4
Let u(r) = r**2 + 2*r - 7. Suppose -4*i = 4*z - 140, z + 3*i - 22 = 21. Let f = -36 + z. Determine u(f).
8
Let a(c) = -c**3 + 4*c**2 - c - 2. Suppose -6*p - p + 14 = 0. Calculate a(p).
4
Let n = 10 - 6. Let d(t) be the second derivative of -t**3/3 - 37*t. Determine d(n).
-8
Let l(m) be the third derivative of -m**4/24 + m**3/3 - m**2. Suppose 0 = 4*c - w + 8, -3*w + 5*w - w = 0. Give l(c).
4
Let p(z) = -12 - 30*z + 40*z + 2*z**2 - z**2. What is p(-9)?
-21
Let v(k) = -9*k - 6. Let d be v(-1). Suppose 4*h + 3*a = -5, 3*a + d = -5*h - 7. Let w(c) = -c**2 - 5*c - 4. Determine w(h).
-4
Let y(t) = 6 + 8*t**3 - 9*t**3 + 7*t + 7*t - 11*t + 3*t + 8*t**2. Determine y(9).
-21
Suppose 4*v = -4*q + 4, -6*q + 3 = -5*q. Let k(a) = 5*a**3 + 2*a**2 + 2*a. Determine k(v).
-36
Let p(k) = -k**2 + 5*k - 5. Let z be (91/35 - 1) + (-4)/(-10). What is p(z)?
1
Let k(a) = -2 + 2*a**2 + 6*a**2 - 3 - 7*a**2. Let h(x) = -x**2 - 10*x - 9. Let v be h(-9). Suppose v = n - 0*n. What is k(n)?
-5
Let w(m) = m - 6. Let a be w(11). Let c be ((-68)/85)/((-1)/30). Let l(z) = c*z + 23*z - 44*z - 4. Calculate l(a).
11
Let w(p) = -32*p - 25. Let x(q) = -7*q - 6. Let g(o) = 2*w(o) - 9*x(o). Calculate g(5).
-1
Suppose -2*z = 3*z + 3*u + 165, 3*z + 113 = u. Let x = -41 - z. Let q(h) = -6 + 0*h**2 - 4*h - 3*h - h**2. Give q(x).
4
Let h(z) be the first derivative of -z**4/4 + z**3/3 + z**2/2 - z + 2. Suppose -5*w - 35 = -10*w. Let q(c) = -c + 5. Let t be q(w). D